13 - 10) + -9 + 2 + -4.
-5
Evaluate 11 + (3 - 13) - -2.
3
What is the value of 9 - (-19 + 19 - -11)?
-2
What is 8 - ((19 - 6) + -1 + -6)?
2
Calculate 4 + (-1 + 1 - (-166 + 169)).
1
What is the value of 39 + 6 + (-29 - -17) + -1 + -5?
27
Calculate (-9 - -15) + 4 + -12.
-2
What is the value of 9 - -13 - (2 - -10)?
10
(4 + -2 + 16 - 12) + 11
17
Calculate 6 - (-9 - (-15 + -1) - -15).
-16
Calculate (23 - -1) + (-44 - (-9 - 31)).
20
Calculate -18 - (-13 + 7 + -17).
5
Evaluate (110 - 96) + 2 + 0.
16
What is the value of 2 + -6 + 15 + 0?
11
Calculate -44 + 95 + -22 + -20.
9
What is 702 + -724 - (0 + -15)?
-7
-629 + 631 + 8 + 0
10
What is 1 + -3 + -16 + 51 - (0 - -9)?
24
Calculate -29 + -22 + 62 - (-10 + 0 + 0).
21
Calculate (2 - 6) + 12 - (-8 + 1 - -15).
0
Calculate 5 + -14 + 0 + 8 - (-5 - 1).
5
Evaluate -4 + 9 + -18 - 17 - 3.
-33
Evaluate -44 - (-63 - -18) - (-1 + -2 - 1).
5
Calculate -157 + 150 + (30 - (-2 - -6)).
19
What is -8 + 5 + 0 + (1 - -2) - 8?
-8
Evaluate -3 + -14 + -4 + 40.
19
10 - ((0 - (-1 + 12)) + 10)
11
Evaluate -40 + -1 - -20 - -15.
-6
What is the value of (-1 - (34 + -31 + -1 + -5)) + -14?
-12
What is -42 + 30 + (2 - 2 - -1)?
-11
(2 - 3) + (-3 - 3) + 3 + -3
-7
What is the value of -3 + 5 + (-2 - 13)?
-13
What is the value of -12 - (34 + -25 - (12 + 2))?
-7
What is the value of -17 + (36 - 41 - -15)?
-7
What is the value of 7 + (16 - 11 - 10)?
2
Evaluate (-6 - (3 - (5 - 0) - -4)) + -6.
-14
Evaluate -41 + (34 - (-35 - -31)).
-3
Calculate (8 - 11) + 1 + 4 + -4.
-2
Evaluate -9 - -1 - (-423 - -397) - 59.
-41
Calculate 11 + -14 + 2 + (3 - (0 + -1)).
3
16 + (2 - (11 - (1 + 3)))
11
What is the value of 36 + -22 + -19 - ((-2 - -2) + -15)?
10
Evaluate 2 + 0 - ((-145 - -142) + 14 + -1).
-8
Calculate (-14 - -22 - 8) + -1 + -16.
-17
Evaluate (-22 - -37) + (8 + -3 - (3 - -5)).
12
Calculate -118 - -133 - (-3 + 8 + -5 + 1).
14
What is the value of 5 - -13 - (-5 - (-4 - 6))?
13
What is the value of (16 - -1) + 2 + 768 + -748?
39
Evaluate (0 - -5) + (-30 - (-33 + 14)).
-6
Calculate 9 + -11 - -20 - (5 + 0).
13
Evaluate -7 + (-5 - -21) - -4 - 5.
8
Evaluate -2 - (53 - 13 - 18) - (-3 + -1).
-20
What is -1 - (0 + 0 - 6 - (-17 - -4))?
-8
What is -5 + 18 + 9 + -11 + -11?
0
Evaluate 1 - -1 - (3 - 4).
3
-3 - 12 - ((-3 - 4 - 10) + 22)
-20
What is (16 - (0 + 23)) + 8?
1
What is (-1 - -12 - 12 - (0 - -1)) + -5?
-7
Calculate 3 + -14 + -1 + 14.
2
What is the value of 21 + 23 + -42 + 29?
31
What is 14 - 13 - -9 - (-3 + (4 - -1))?
8
What is the value of 15 - (-1 - (20 - 2) - -49)?
-15
What is the value of (29 - 12 - -3) + -16?
4
(6 - (-6 - (-28 - 1))) + 6 + -4
-15
What is (0 - (0 - (9 + -9))) + (-2 - 9)?
-11
What is (25 - (-29 - -97)) + 73?
30
What is the value of -1566 + 1523 - (0 - 29)?
-14
Calculate -10 + 13 + -8 + -6.
-11
-1 + 12 - (-816 + 842)
-15
What is -1 + -4 - ((-2 - 12) + 6)?
3
Calculate -34 - -42 - (-7 - (6 + -27)).
-6
Calculate (-4 - -17) + (14 + -15 + 11 - 3).
20
What is the value of (9 - 9) + 3 + 1 + -17?
-13
What is (-12 - -28) + -49 + 18?
-15
Evaluate 1 + -9 + 6 + -2 - -28.
24
22 + (4 - 11) - (-2 - -5) - 2
10
What is the value of (-1 - 12) + -32 + 49?
4
What is the value of -7 + (-5 - (4 - 6) - (2 + 0))?
-12
What is 20 + -9 - (11 + (16 - 1) + -11)?
-4
-11 - (23 - (-12 + 47))
1
Evaluate 6 - ((4 - (2 + 8)) + 16) - 3.
-7
Evaluate 1376 + -1386 - (15 - 1 - -2).
-26
Calculate (-38 - 2) + 3 + 11.
-26
What is the value of -857 - -851 - (-2 + 0 - 1)?
-3
Evaluate -21 + -19 + (-4 - -55).
11
Calculate -6 - (-12 + (-12 - -7)).
11
What is the value of -1 + 8 + (16 - (-5 - -21)) + -37?
-30
(-13 - -8) + -6 + (6 - 7) + 31
19
Calculate (-19 - -13) + (-6 - 1) + 21.
8
What is -9 + 0 + 4 + (0 - (-2 + 2))?
-5
What is -1 - 8 - ((-28 - (4 - 12)) + 4)?
7
What is (17 - 40) + 37 + -25?
-11
Calculate 1 + 25 - (-12 - (-9 + 1) - 0).
30
Evaluate -21 + (-5 + -15 - -26).
-15
Calculate 47 + -41 - (-10 - -2).
14
0 + -5 + -1 - (1 + -4 - 2)
-1
7 - (-1 - (10 - 14))
4
What is the value of 3 + 9 + (3 + -1 - 13)?
1
Evaluate (-11 + 23 + -12 - 32) + 10.
-22
Evaluate -19 - ((-23 - 10) + -3).
17
(-273 - -308) + (-2 - 28)
5
What is the value of 17 - (15 - (-17 + 19))?
4
-11 + -4 + (-6 - -8) - (0 - 5)
-8
What is ((2 - (-1 + -4)) + -2 - 3) + 0?
2
Calculate 121 + -106 - (23 + -1).
-7
What is the value of (174 - 201) + (4 - -20)?
-3
Calculate (-3 - -4 - -5) + -3 - (4 + -6).
5
Evaluate 10 - (17 + -2 - -16).
-21
What is -4 + 4 - (1 + 0 + (-1 - -5))?
-5
What is the value of (82 - 86 - (-1 + 28)) + 4?
-27
What is -11 + -6 + -3 + -11 + 15?
-16
Calculate 5 - -3 - (1 - (-4 - (-5 - -3))).
5
Calculate 6 - 25 - (-3 - 5 - 2).
-9
Evaluate -19 + (-4 - -26) + -17.
-14
Evaluate 1 - (0 - 2) - (-13 + 15 + -1).
2
Evaluate 38 + -9 + 3 + -10.
22
What is the value of 7 - (24 + -10 - 0) - 9?
-16
Calculate (29 - 42) + 14 + -9 + 5.
-3
3 + (2 + (8 - (9 + -3)) - 2)
5
Evaluate -7 - (3 - 2 - (1 - 0)).
-7
(-1030 - -1029) + 9 + (0 - -1)
9
What is the value of 7 + -18 - (5 + -14)?
-2
Evaluate -231 + 234 - (0 - 0).
3
Evaluate 82 + -62 - (-2 - -20).
2
Evaluate 17 + -41 + 16 - (-1 + 12).
-19
What is the value of -4 - (-21 - -14 - -4)?
-1
What is the value of -39 + 10 + 16 + 31?
18
(5 + -8 - -11) + (-2 - (14 + -5))
-3
(19 + -4 - 9) + -1 + -24
-19
(-2 - -5) + -2 - (-16 - (-28 - -12))
1
What is 31 - 18 - 7 - (-1 - 11)?
18
Evaluate (-8 - -9 - (3 - 7)) + -17.
-12
What is the value of 25 + -6 + (3 - 13)?
9
-25 - (-29 - -35 - 44)
13
What is the value of (1 - 2) + (0 - 1) + -47 + 48?
-1
What is the value of -7 - (15 + 6 - 28)?
0
Evaluate 36 - (-2 - (4 - 2 - (-13 - -24))).
29
Evaluate 34 + -37 - (3 + -3).
-3
What is the value of (1 - 12) + (3 + -22 + 14 - -11)?
-5
Calculate 19 + (-25 - 2) + 27.
19
What is the value of -5 + (9 - 6 - 9)?
-11
What is the value of (-9 + -4 - 5 - -20) + -15 + 1?
-12
Calculate 7 - (-8 + 14 - (6 - 1)).
6
What is the value of 651 + -630 + (-1 - -3 - 3)?
20
12 - 5 - ((2 - -1) + -3 + 11)
-4
-10 + 16 + (6 - (-4 - (1 - 6)))
11
What is (1 + 4 - 5) + (1 - 0) + 3?
4
-21 - (-14 - 0) - 1
-8
What is (-1 - 1 - -2) + (45 - 48)?
-3
Calculate 2 + 2 - (60 - 64).
8
Evaluate 22 + 52 - 63 - (16 + 0).
-5
Calculate 8 - (9 + -5 + 0 + -8 + 6).
6
Evaluate -88 + 98 - (51 + -10).
-31
What is the value of 5 - (9 - 0 - (6 + -4 - -2))?
0
What is the value of 1 + (-4 - 11) - (-9 - 0)?
-5
18 + -8 + -7 + -21
-18
What is -50 + (-3 + 0 - -28)?
-25
-7 + -25 + 11 + 7
-14
Calculate 3 - ((2 - (-2 + 7)) + 111 + -95).
-10
Calculate 6 + 3 + -10 + 0 + 8.
7
What is (4 + -3 + (1 - 0) - -3) + -3?
2
What is 10 + -5 + -9 - 3?
-7
What is the value of (18 + -2 + -8 - -2) + 14?
24
What is (10 - (-4 + 0 + 3)) + (-75 - -77)?
13
Evaluate -6 + -3 + -2 + 9 + -33.
-35
(-2 - 0) + 0 - (-290 + 293)
-5
What is ((-16 - 0) + -3 - -17) + (-1 - 34)?
-37
What is the value of 0 + 9 - (-102 + 118 - (4 + 3))?
0
What is (-40 - (-2 - (2 + 14))) + -10 + -1?
-33
3 + 18 + -26 - -26
21
What is the value of (0 - ((6 - 15) + 4)) + -17?
-12
What is the value of 2 - (-17 - -15 - (-7 - -11))?
8
Evaluate 1 + -18 - -13 - 2.
-6
What is the value of 6 - (-24 + 12 + 22 + 2)?
-6
What is (1 - (-5 - -20 - -5)) + 7?
-12
What is the value of 10 - (-8 - -2 - -7) - 1?
8
What is 5 + 1 + -6 - (-21 - -7)?
14
What is -22 + 0 - (15 + -29)?
-8
What is (0 - (-18 - (3 - 3))) + -130 + 142?
30
What is the value of -450 + 470 + -1 + 1?
20
Evaluate (1 - -4) + 3 - (-34 - -74).
-32
What is the value of 41 + -2 - (16 - (0 - -3))?
26
What is (0 - (8 + -8 + 0 + -7)) + -4?
3
Evaluate 8 + -14 + -1 - 6.
-13
What is the value of -4 + -23 - (-32 - -36 - 6)?
-25
Calculate (-10 - -8) + (-4 - -3) - (-3 + 8).
-8
Evaluate (-88 - -72) + -3 + (3 + 2 - -3).
-11
Calculate (-21 - (3 - -1 - 7)) + 7.
-11
What is 12 - (5 + 7) - (2 + -1)?
-1
What is the value of (10 - 2) + 1 - (7 - 0)?
2
Calculate (-8 - (27 - 55)) + (-2 - -1).
19
Calculate (0 - (4 - -5) - 1) + -1.
-11
Calculate -6 - (-62 - -19) - 9 - -8.
36
0 - ((4 - 0) + -7 - -4) - -14
13
What is -3 + 1 + -1 - (-2 - (3 - 9))?
-7
4 - (10 + -15) - (-9 + 19 + 1)
-2
Evaluate (-19 - -11 - -5) + 15.
12
-4 - (-4 + 0 - (-10 + 9 - 5))
-6
Calculate (-3 - (-4 + 17 - 24)) + -14.
-6
Evaluate 50 + -1 + (-16 - 20).
13
Evaluate -3 + -26 + 11 + 13.
-5
Evaluate 3 - (9 + 3) - -7 - (5 + 0).
-7
30 + 59 + -29 + -45
15
Calculate (-6 - -10 - -8) + -12 - -4.
4
What is the value of -15 - (18 + (-7 - 39))?
13
C